 0, -5*w + 5*j - 280 = 0. Suppose 0*z + 53*z = -5565. Let v = w - z. Is 19 a factor of v?
False
Let m be 1 + 5 - 2349/(-3). Suppose -2218 = -5*x + 4*v, -2*v = 2*x - m - 91. Does 13 divide x?
True
Let a(l) = l**3 + 60*l**2 - 14*l + 25. Let g(p) = -12*p**2 + 3*p - 5. Let q(c) = 2*a(c) + 11*g(c). Let u(k) = 2*k + 28. Let r be u(-11). Does 25 divide q(r)?
True
Suppose 28*d + 17893 = 160077. Does 91 divide d?
False
Suppose -2*a = -14*a. Suppose a*y + 2712 = 8*y. Is 20 a factor of y?
False
Let m(c) be the first derivative of 8/3*c**3 - 2*c - 1/4*c**4 + 22 + 5*c**2. Does 26 divide m(8)?
True
Let t(n) = 158*n + 17. Let s be t(-3). Let d = s + 1119. Does 15 divide d?
False
Let l = -47 - -48. Let w be (l - -3) + (-7 - -4) + 1. Suppose -3*z - z - 20 = 0, 0 = w*m + 4*z - 88. Is m a multiple of 16?
False
Let x = 199 + -142. Let z = x - 57. Suppose l - f - 44 = z, 3*f = l - 0*f - 48. Does 7 divide l?
True
Suppose -w + 21 = 2*w. Let u(g) = 45*g + 26. Is 28 a factor of u(w)?
False
Let d(o) = -254*o - 2883. Is 21 a factor of d(-70)?
False
Suppose -22 = 2*c - 36, 3*g - 7165 = 2*c. Is g a multiple of 16?
False
Suppose 3*v - 281 = -65. Let r = 426 - v. Is 12 a factor of r?
False
Suppose 29*c - 238088 - 129197 = 0. Is c a multiple of 22?
False
Suppose 2*z - 298 = -4*i - 0*i, -143 = -z - 4*i. Suppose -5*t - 10 = -30. Suppose 2*x + t*j - 128 = 0, -5*x + 2*j + 523 = z. Is x a multiple of 18?
True
Suppose -r + 1 = 0, 2*s - 2*r - r = -3. Suppose s = -2*k - 2*o + 12 + 38, 5*o = 4*k - 109. Suppose -t - k = -113. Does 29 divide t?
True
Suppose -2 = 5*k - 17. Suppose 2 = -k*i - 4, -5*i = 2*j - 2. Let y(n) = 19*n - 2. Is y(j) a multiple of 28?
True
Let c be (2/(-1))/((-7)/(4 + 122)). Suppose 0 = 5*j - 3*t - c, -3*j - 4*t = -2*j + 2. Suppose -j*l + 429 = -195. Is 5 a factor of l?
False
Let o(k) = 12*k**3 + 69*k**2 - 587*k - 10. Does 19 divide o(9)?
True
Suppose g = 7*g - 12. Suppose 2*w = 4, 0*x - g*x + 5*w + 2742 = 0. Is x a multiple of 11?
False
Suppose -2*r = -f + 8294, 58*f + 2*r = 54*f + 33106. Does 72 divide f?
True
Suppose 3*b = -b - 5*n + 37, -10 = -2*n. Let d(c) = 2*c**3 - 2*c**b + 12*c**2 + 18 - 4*c**3 + 3*c**3 + 17*c. Does 10 divide d(13)?
True
Let x(b) = -68*b + 238. Let j be x(20). Let o = -776 - j. Does 4 divide o?
False
Suppose -3*m - 4*j + 2441 = -2*m, 0 = -2*m + j + 4855. Suppose m = 14*f + 175. Is 29 a factor of f?
False
Let c = 11944 - -13389. Does 329 divide c?
True
Let y = 17 + -11. Suppose 2*a + 2780 = 4*o, 5*a - y*a = o - 689. Is 11 a factor of o?
True
Let g(k) = 8*k**3 + 49*k**2 + 10*k - 30. Is g(9) a multiple of 173?
True
Let i be 40/280*(1 + -7 + -1)*-518. Suppose -2*q - 1555 = 5*x, -3*q - 66 = x + 245. Let y = x + i. Is y a multiple of 23?
True
Suppose 5*w - 20 = 4*k, 0 = 2*w + 6*k - 4*k + 10. Suppose -3*h + 4*h = 2*x + 124, 4*h + 5*x - 483 = w. Is (-2)/(-3) - (5 - h/6) a multiple of 4?
True
Let d(s) = -2*s**3 + 4*s**2 + 78*s + 603. Is d(-21) a multiple of 69?
True
Let c(v) = 7*v**2 + 6*v + 9. Let q(x) = x**2 + x + 1. Let b(n) = -c(n) + 6*q(n). Let u be b(-3). Does 51 divide ((-198)/4)/(u/(-8) - 2)?
False
Let t be (-770)/(-242) + (-2)/11. Let m be -3*(-8)/6*5. Suppose 2*y + t*u - 9 = 82, 0 = 4*u - m. Does 19 divide y?
True
Let x(d) = 2*d**2 - 12*d - 2. Let w be x(6). Is (-27223)/(-70) + w/(-20) a multiple of 26?
False
Suppose -42*t + 47*t = 25. Suppose 10*k = 7*k + t*p + 572, 202 = k + 4*p. Suppose -5*r = -v + 29, 4*r + k = 5*v - 14. Is v a multiple of 11?
True
Suppose -3*c - 4 = -2*c. Let i(h) = h + 12. Let w be i(c). Suppose 3*x - w*x = -160. Is 16 a factor of x?
True
Suppose 0 = -538*v + 179*v + 8793346. Is 5 a factor of v?
False
Let v = 69 - 65. Suppose -5*u = 0, -v*u + 2475 = -t - 3*u. Is t/(-24) - 5/40 a multiple of 27?
False
Suppose -4*i - 2 = -5*i. Let g be (0/(-1*i))/(8 - 7). Suppose 2*v - 4 - 12 = g. Is 8 a factor of v?
True
Suppose -3*m + q + 11 = 3*q, m + 2 = 5*q. Suppose 5*k - 486 = 4*l, 0 = -m*k + 3*l + 2*l + 289. Does 5 divide k?
False
Suppose -g = -2*u - 40, 0 = 2*g - 3*g - 3*u + 55. Let x be (-159)/(-9) - (-2)/6. Let p = x + g. Is p a multiple of 8?
True
Suppose 47*h + 3*h - 10*h - 356200 = 0. Is h a multiple of 42?
False
Let m = 3515 + 1126. Is 12 a factor of m?
False
Is 183 a factor of (-113643)/(-23)*(-12)/(-9)?
True
Suppose 0 = -8*n + 3*n + 2*v + 31328, 3*v = -n + 6252. Does 134 divide n?
False
Let p = -26473 + 40224. Is p a multiple of 16?
False
Suppose -f - 2*x - 25 = -42, -66 = -2*f + 4*x. Is 5 a factor of f?
True
Let k = 19 + -114. Let o = k - -107. Is 9 a factor of o?
False
Let y(p) = 91*p + 1839. Is 27 a factor of y(51)?
True
Suppose 3*y = -3, -3*q - 17*y + 18*y = -39388. Is q a multiple of 38?
False
Suppose 0 = 2*b, 1384 = 4*c + 2*b + b. Let s = c + -308. Is 19 a factor of s?
True
Let p(c) = 460*c**2 + 7*c + 17. Is 229 a factor of p(11)?
False
Let g = -23 + 64. Suppose 0 = -m + 4*m - 192. Suppose -37*k + g*k - m = 0. Is k a multiple of 2?
True
Does 57 divide (57*1)/((-9)/(90/(-2)))?
True
Let i = 3804 + -1929. Does 15 divide i?
True
Let s be -2*3 - (0 + -7 + 7). Is 3 a factor of (-224)/s - 22/(-33)?
False
Suppose 3*z - z + 3 = 3*x, 0 = 3*z + 2*x - 15. Suppose z*t = f - 147, 0*t + 316 = 2*f + 5*t. Let n = 215 - f. Is n a multiple of 31?
True
Let p(b) = -b**2 - 20*b - 45. Let l be p(-14). Let o(y) = y**2 + 4*y - 8. Let v be o(-6). Suppose 2*x - 26 - l = -a, -5*x = -v*a - 130. Is 28 a factor of x?
False
Suppose -13181 = 5*d - 5*g - 194921, d - 3*g = 36332. Is d a multiple of 149?
True
Let a(k) = 43*k**3 - 3*k**2 - 6*k + 6. Let t be a(3). Let l = 1651 - t. Does 6 divide l?
False
Let t(r) = -221*r - 30. Let w(g) = 110*g + 15. Let v(h) = -3*t(h) - 7*w(h). Does 17 divide v(-1)?
False
Suppose 0 = 5*z + 138 - 133, -2*h + 5*z = -9983. Is h a multiple of 71?
False
Suppose 16*y = 15*y + 480. Suppose 9*z + y = 14*z. Suppose 4*u - 2*u = z. Does 8 divide u?
True
Does 50 divide 2612379/129 - (2 - -5)?
False
Suppose o + 11006 + 18522 = 3*a, -5*a + 5*o = -49190. Is 179 a factor of a?
True
Is 4 a factor of 3/57*2 + 50103284/4522?
True
Let c be 4 - 68/16 - 399/4. Let p(m) = -9*m - 205. Let t be p(0). Let k = c - t. Is 21 a factor of k?
True
Let t(j) = 128*j**2 - 90*j - 1170. Does 34 divide t(-12)?
False
Suppose -52086 = -15*o - 16851. Does 11 divide o?
False
Let g be (2/4)/((3/(-6))/(-1)). Suppose g = -3*t + 10. Suppose 0 = -w - 4*o + 35, w = -2*w + t*o + 90. Does 31 divide w?
True
Let s be 8/(-20) + (-244)/(-10). Let h be (128/s + 0)/((-2)/6). Is 12 a factor of (-183)/(h/24 + (-2)/6)?
False
Let u be 8/(-36) - 114/(-27). Suppose -4*k + p = -540, 4*k - k - 424 = -u*p. Does 15 divide k?
False
Suppose -2*n - 1719 = -11*n. Suppose -v - v - 3*l = -n, 4*v - 367 = -l. Let f = 197 - v. Is f a multiple of 12?
False
Let a(t) = 3*t**3 + 3*t**2 - 5*t + 2. Let z be a(1). Suppose -5 = -z*q + 124. Suppose f + 38 = q. Is f a multiple of 2?
False
Suppose -332*v = -375*v + 5590. Is 10 a factor of v?
True
Let b = 31 - 0. Suppose -7*f + b = -214. Does 16 divide f?
False
Let b(a) = 16*a - 172. Let i be b(11). Suppose -i*o + 1647 = 407. Is o a multiple of 31?
True
Let b = 557 - 553. Suppose -310 = -s - b*m + 6*m, -3*s - 4*m = -910. Is 17 a factor of s?
True
Suppose -3*g + 19015 = 2*s, 5*g + s - 31675 = 6*s. Is g a multiple of 39?
False
Let q = -705 + 501. Let a = q - -389. Is 20 a factor of a?
False
Let a = 6397 + -6196. Is a even?
False
Is 35 a factor of (2 + -1)/(2 + 14896/2979 - 7)?
False
Let z(v) = v**3 + 9*v**2 + 2*v - 4. Let a(m) = -m**3 - 8*m**2 - m + 4. Let s(f) = 4*a(f) + 3*z(f). Let c be s(-5). Let u(p) = -p + 37. Is u(c) a multiple of 8?
False
Let q = 2438 - 1406. Is 4 a factor of q?
True
Suppose 39769 = -56*a + 701465. Is a a multiple of 28?
True
Let y be (((-357)/(-6))/(-7))/(2/(-4)). Suppose -y*z = -20*z - 402. Let p = 290 + z. Is 12 a factor of p?
True
Let w(b) = 2*b**2 - 51*b + 25. Let q be w(15). Let g = -41 - q. Is g a multiple of 7?
False
Let k(u) = -u**3 - 12*u**2 - 12*u - 9. Suppose 2*h - 55 = 7*h. Let z be k(h). Suppose z*b - 56 - 40 = 0. Is b a multiple of 12?
True
Suppose 3*b + 5*j - 407 = 3*j, -3*b = 5*j - 419. Let u be (-10)/2 - (-16 - b). Suppose -3*n = 4*g - 132, 4*n - 5*g = 63 + u. Is 48 a factor of n?
True
Suppose -5*s + 422 + 273 = -4*l, s - 128 = 3*l. Let c = s - -241. Is 38 a factor of c?
False
Suppose -s + i = -12023, 36071 